 - (-3 + -34 + 23)).
9
Evaluate (175 - 188) + (4 - -56).
47
What is the value of -17 + (-62 - 55) + 183?
49
-9 + -12 + (-30 - -7 - 7)
-51
Calculate 10 + -2 + (-60 - (17 + -26)) + -13.
-56
What is the value of 17 + 0 + 2 + (-279 - -143) + 118?
1
7 + (-39 - 1 - (9 + 2 + -5) - 10)
-49
What is the value of 3 + -1 + 76 + -63?
15
What is -1202 + 1235 + (-1 - 4 - 0 - 3)?
25
85 - 166 - (5 - 45)
-41
77 - (-39 - 40) - 121
35
What is 1 + -6 - (-6 + -15 - -14) - -26?
28
What is (-1065 - -1102) + (-57 - -2)?
-18
Evaluate -20 + -18 + 74 + -16 - -33.
53
Calculate (0 + 2 - (-4 + 6)) + (45 - -165) + -182.
28
Evaluate (-22 - -86 - 54) + -3.
7
What is 37 + -83 + 36 + -10?
-20
Evaluate (-40 - ((-10 - 1 - 4) + 7)) + 46 + -59.
-45
4 + (-3 - -11) - (-31 - (21 - 1))
63
Evaluate 25 + -98 + 7 + 17.
-49
Evaluate -132 + 191 + (4 - -20).
83
What is the value of 22 + -2 - (-46 + (-42 - -6 - -76))?
26
Calculate 69 + 1 + 25 + (-57 - -8) + 32 + -12.
66
What is the value of 1085 + -1005 - (50 - 1)?
31
What is -110 + 64 + 77 + 2?
33
What is (-41 - (12 - (25 + -13))) + 8 + 5?
-28
Evaluate 37 - (22 - (-33 - 61)).
-79
Evaluate (-2885 + 2900 - (-1 - -3 - (-6 - 1))) + -52.
-46
Evaluate -11 + (15 - (-16 - -34)).
-14
What is the value of (-104 - -76 - (-13 + 3)) + (-27 - -2)?
-43
What is the value of -1 - 2 - (-40 + 82 - 97)?
52
3 - (2 + (0 - -5)) - (-53 + 30)
19
(-1618 - -1678) + (3 + -4 - 14 - -3)
48
(-34 - -10 - 41) + 11
-54
26 + -23 + 17 - -14 - (-2 + 0 + -8)
44
Evaluate 11 + -31 + (43 - (29 + -40)).
34
What is -2 + 23 + (-6 - -49) + -52?
12
What is the value of (5 - -24) + (-1 - (0 + 5))?
23
What is 84 + -43 + -33 - ((-9 - 1) + 6 - -6)?
6
-45 + 0 + (12 - (23 - 38 - -45))
-63
What is the value of 38 + -48 + 127 + -92?
25
-55 - (-94 + 27 - -36)
-24
Calculate (-11 - (-6 - 1)) + (23 - -9) + -46.
-18
-20 - (17 - (-28 + 123))
58
-9 + (101 - 5) - (-7 + 28 + 2)
64
What is 41 + (-1 - 0) + (-127 - (168 + -302))?
47
Evaluate (18 - (18 - (-13 - -31)) - 2) + -111.
-95
What is the value of (73 - 246) + 64 - -139?
30
What is the value of 0 + 30 + -28 - 13?
-11
What is -10 + 71 + (48 - 87) + (0 - 25)?
-3
Evaluate 46 - ((44 - (75 - 30)) + -34).
81
Evaluate 1 - (-21 + 61 + -24) - (1 - 36).
20
What is -131 + 56 + (50 - 29)?
-54
2 + 3 - 8 - ((-4 - (-1 - -7)) + 11)
-4
What is the value of -12 - (3 - 0) - (-56 + 58) - -11 - 12?
-18
136 + -32 - 16 - 143
-55
-6 + -3 + (-56 + 41 - (2 + -1) - -16)
-9
What is the value of 30 + (48 - (-11 + 44)) + 17?
62
What is (-108 - (-52 - 93)) + -85?
-48
57 + -2 + 5 + (-4 - -2 - -5 - -1)
64
Evaluate -1226 + 1288 + (-25 - 0).
37
What is the value of (-2 - -3) + -49 + 99 + (-136 - -27)?
-58
-49 + 21 + (-30 - -33 - -129)
104
What is the value of (17 - 103 - 2) + (0 - -18) + -14?
-84
Calculate 63 + 1 + -86 - -37.
15
Calculate -8 + 17 + (2 - 0 - 3 - -24) + 1.
33
What is 4 + 7 + (-28 - -81)?
64
What is the value of -40 + 31 + -63 + 59 + 19?
6
Evaluate (-46 - (-9 - 1 - 17)) + 2 + -26.
-43
What is 24 + (-7 - 18) + (0 - 0 - (2 - -21))?
-24
Calculate (25 - 1) + -1 - (-670 - -786).
-93
Calculate -1 - -8 - (-70 + 127) - (-21 + 11 + -2).
-38
Evaluate (0 + 1 + -2 + -2 - -7) + (262 - 196).
70
Evaluate -1 + -1 + -92 - (135 + -118 + 6).
-117
What is 53 + -52 - (1 + -10 + -3 + -49)?
62
Calculate (81 - 79) + 72 + 10.
84
What is the value of -16 + (-19 - -7) + 41 - (120 - (5 - 2))?
-104
Calculate (1 - (0 - (-10 + 12 - -9) - -25)) + 5.
-8
What is the value of 8 + (17 - ((11 - 32) + 27))?
19
(-28 - (-23 + 0)) + (-98 - -1) + 25 + -20
-97
Evaluate (2 - (18 + -3)) + (-15 + -3 - -43).
12
What is (-23 + 42 - -9 - 27) + -62?
-61
What is the value of 2 + -7 + 2 - (95 - -3) - -5?
-96
Calculate (-45 - -32) + 7 + 6 + 5.
5
Evaluate 9 - 1 - (0 + (7 - 10)).
11
What is the value of -32 + 58 + 4 - -3?
33
Calculate -40 - ((8 - 19) + 8 + 1 + 7).
-45
What is the value of -5 + (-11 - ((-2 - -31 - (-9 + 5)) + 0))?
-49
Evaluate 117 - (-88 + -123 + 292).
36
What is -55 - (1 - 2) - (-293 + 281)?
-42
Evaluate (8 - 25 - ((6 - -1) + (-69 - -51))) + 54.
48
What is (-1 - (2 + -5) - (1628 + -1618)) + -11?
-19
What is the value of (-23 - -22) + (-37 - -67 - (4 + 1))?
24
(-684 - -687) + (38 - 2)
39
What is the value of (-36 - (-52 - -16)) + 0 + 2 + -4?
-2
(0 - (-2 - -1)) + 4 + (-135 - (340 - 357))
-113
What is the value of 31 + 8 + -5 + -25 - 20?
-11
Evaluate 26 + -1 + -44 + 34 + -45 + 2.
-28
Evaluate (9 - (-21 + 40)) + (-22 - -14).
-18
What is -4 - (-14 - 36 - -19) - 15?
12
Calculate -40 + (-4 + (4 - 8) + 2 - -16) + 0.
-30
Calculate 42 - 73 - (11 - 10 - -6).
-38
What is (5 - (-25 - -8)) + (-94 - -1)?
-71
What is (94 - (-2 + 15)) + -56?
25
Evaluate (7 + -5 + 63 - (-22 - (-16 + -17))) + -4.
50
What is the value of -74 - ((5 - (33 - 23)) + -17)?
-52
What is -22 + (-16 - -1 - (951 + -1008))?
20
-85 - (-29 - 105) - -25
74
Evaluate 29 + -11 + -13 + -19 + -2 - -61.
45
(-38 - 116) + 64 + (2 - -22)
-66
-17 - (-11 + -62 + 1 - -18) - 10
27
What is 22 + -109 + -26 + (-25 - -12 - -23)?
-103
Calculate -64 - 1 - ((-13 - (-11 - -6)) + -4).
-53
67 + 0 + 1 - (-1 + (18 - 6) - 7)
64
Evaluate (0 + -7 - (98 + -108)) + (18 - 8) - 136.
-123
What is the value of (1 - -63 - (228 - 233)) + 5 + 0 + -3?
71
What is (7 - (-2 + 5)) + 197 + -198 + -64?
-61
Calculate -27 + (14 - (-11 - -16)) + 6 - -2.
-10
Evaluate 11 - 2 - ((10 - 26) + -7).
32
Evaluate (11 - 11 - -7) + (-157 - -87).
-63
Evaluate -7 + -2 + -4 - (9 + 0 + -23).
1
(52 - 43) + (1 - (1 + 25 + -1))
-15
What is 14 + 24 + (36 - 26 - (-6 + 19))?
35
Evaluate (22 - (-9 + -2)) + -318 + 255.
-30
97 + 18 + 3 + -25 + 9 - -6
108
What is (-242 - (-187 + 85)) + 78?
-62
Calculate -149 + 40 + 0 + (1 - -19).
-89
31 + (41 - 68) + -162 + 46
-112
What is the value of 47 - ((-29 - -17) + 19)?
40
Evaluate (-130 - -50 - -97) + (-39 - -2).
-20
Calculate 47 + 1 + (2874 - 2924) + (-39 - 0).
-41
Calculate 74 + (2 - 11 - (51 + -44) - 0).
58
Calculate (-13 - ((-19 - -7) + 12)) + -30.
-43
96 - 186 - (-105 - 3)
18
Calculate (-18 - (28 - 7)) + 25 + 11.
-3
What is the value of -37 - (-22 + (10 - 9)) - -40?
24
What is the value of -105 - 2 - (-255 + 245) - (29 - 33)?
-93
What is the value of (-54 - -50) + -22 + -17?
-43
What is the value of -27 - (-4 + -38 + 24)?
-9
Evaluate -159 - -1 - (-2619 + 2594).
-133
What is the value of 12 + 1 + (-1 - 0) + (5278 - 5247)?
43
-123 + 117 + 0 + -12 - (-6 - (-5 + 9))
-8
What is -560 + 504 - (-9 + -38)?
-9
What is 11 - (21 + -16 + 2 + -24 + -15)?
43
What is the value of (2 - 31 - 0) + (2 - -14) + -16?
-29
What is (3 - (19 + (-39 - -23))) + (64 - (-3 - 0))?
67
-32 - (-12 - (-27 - (32 - 37)))
-42
Evaluate -8 + 2 + -11 + (-146 - -3) + (-7 - -23).
-144
What is the value of (-3 + 8 - (1 + 24 + 4)) + (64 - 56)?
-16
16 - (26 + -1 + (-18 - -9 - 0))
0
What is the value of -5 + (-12 - (-17 - 5)) + (-3 - 1) + -35?
-34
Calculate -28 - (-10 - 25) - (0 - -8).
-1
-49 + 10 - -29 - ((-5 - -1) + -24)
18
Evaluate -64 - (62 - 25 - 32).
-69
What is 0 + 81 + (45 + -24 - 23) + 9 - -1?
89
What is the value of -3 - (-8 - (-4 + -1)) - 5 - 4 - -28?
19
Evaluate -1 + 59 - (-31 - (-72 + -2 + 30)).
45
What is the value of (-55 - -51) + 16 + -55?
-43
What is 1 - (11 - ((5 - 16) + 35)) - -32?
46
Calculate -5 - -124 - (-385 + 441).
63
(-85 - 3 - -1) + (-603 - -593) - -14
-83
Evaluate ((-11 - 4) + 12 - 12) + 49.
34
What is 32 + (-14 - 33 - -19) + -2 + -2 + -53?
-53
Evaluate -30 + (-55 - (-41 - (31 + -30))).
-43
(0 - (-22 - 44)) + -25
41
-6917 + 6888 + (1 - 10)
-38
7 + 1 + (27 + -21 - 12) - 11
-9
Calculate -3 + 2 + (0 - (-4 + -4)) + (-65 - -17).
-41
What is the value of (-91 - -21) + 24 + 37 + 1 + -1?
-9
Calculate -67 + 76 + -1 + -28 - 12 - (-10 + -1).
-21
Calculate 11 + -14 + 13 + -20 + 14 + -32.
-28
Evaluate (-9 - (0 + -10)) + (42 - (-40 + -23)).
106
What is the value of (-99 - ((0 - 9) + 1 - -4)) + 1313 + -1315?
-97
Evaluate 5 + 12 + 9 + 7 + (2 - 7 - 0).
28
What is -16 + 66 + -74 + 57?
33
9 + 2 + -13 + 11 - (20 + -16)
5
Evaluate (-15 - (-76 + -41)) + (15 - 11).
106
Evaluate 55 - (88 + (40 - 45)).
-28
Calculate (-39 - 1) + (-48 - -32) + (6 - (-3 - 16)).
-31
What is the value of 83 + (-32 - 36 - -11)?
26
Calculate -53 + (-8 - (-6 + 5 + 5)) + 4 + 11.
-50
Evaluate 42 + 10 - -25 - 211.
-134
Evaluate 0 + -7 + 13 + -48 + 6 - -10 - 6.
-32
(-4 - ((5 - 19 - 11) + 15)) + -55
-49
What is the value of 47 - (-115 - (-47 + -54))?
6